{"id":1527,"date":"2025-05-27T16:18:19","date_gmt":"2025-05-27T16:18:19","guid":{"rendered":"https:\/\/www.lacontadinetta.it\/blog\/?page_id=1527"},"modified":"2025-07-18T16:42:51","modified_gmt":"2025-07-18T16:42:51","slug":"distributore","status":"publish","type":"page","link":"https:\/\/www.lacontadinetta.it\/blog\/distributore\/","title":{"rendered":"DISTRIBUTORE"},"content":{"rendered":"\t\t<div data-elementor-type=\"wp-page\" data-elementor-id=\"1527\" class=\"elementor elementor-1527\">\n\t\t\t\t<div class=\"elementor-element elementor-element-e78fcf3 e-flex e-con-boxed wpr-particle-no wpr-jarallax-no wpr-parallax-no wpr-sticky-section-no e-con e-parent\" data-id=\"e78fcf3\" data-element_type=\"container\">\n\t\t\t\t\t<div class=\"e-con-inner\">\n\t\t\t\t<div class=\"elementor-element elementor-element-3d3fb57 elementor-widget elementor-widget-image\" data-id=\"3d3fb57\" data-element_type=\"widget\" data-widget_type=\"image.default\">\n\t\t\t\t<div class=\"elementor-widget-container\">\n\t\t\t\t\t\t\t\t\t\t\t\t\t\t\t\t<a href=\"https:\/\/www.lacontadinetta.it\/blog\/\">\n\t\t\t\t\t\t\t<img fetchpriority=\"high\" decoding=\"async\" width=\"768\" height=\"614\" src=\"https:\/\/www.lacontadinetta.it\/blog\/wp-content\/uploads\/2025\/07\/HOME-COMPLETA-5-768x614.png\" class=\"attachment-medium_large size-medium_large wp-image-2440\" alt=\"\" srcset=\"https:\/\/www.lacontadinetta.it\/blog\/wp-content\/uploads\/2025\/07\/HOME-COMPLETA-5-768x614.png 768w, https:\/\/www.lacontadinetta.it\/blog\/wp-content\/uploads\/2025\/07\/HOME-COMPLETA-5-300x240.png 300w, https:\/\/www.lacontadinetta.it\/blog\/wp-content\/uploads\/2025\/07\/HOME-COMPLETA-5-1024x819.png 1024w, https:\/\/www.lacontadinetta.it\/blog\/wp-content\/uploads\/2025\/07\/HOME-COMPLETA-5.png 1350w\" sizes=\"(max-width: 768px) 100vw, 768px\" \/>\t\t\t\t\t\t\t\t<\/a>\n\t\t\t\t\t\t\t\t\t\t\t\t\t\t\t<\/div>\n\t\t\t\t<\/div>\n\t\t\t\t\t<\/div>\n\t\t\t\t<\/div>\n\t\t<div class=\"elementor-element elementor-element-956a583 e-flex e-con-boxed wpr-particle-no wpr-jarallax-no wpr-parallax-no wpr-sticky-section-no e-con e-parent\" data-id=\"956a583\" data-element_type=\"container\">\n\t\t\t\t\t<div class=\"e-con-inner\">\n\t\t\t\t<div class=\"elementor-element elementor-element-47e3563 elementor-widget elementor-widget-spacer\" data-id=\"47e3563\" data-element_type=\"widget\" data-widget_type=\"spacer.default\">\n\t\t\t\t<div class=\"elementor-widget-container\">\n\t\t\t\t\t\t\t<div class=\"elementor-spacer\">\n\t\t\t<div class=\"elementor-spacer-inner\"><\/div>\n\t\t<\/div>\n\t\t\t\t\t\t<\/div>\n\t\t\t\t<\/div>\n\t\t\t\t<div class=\"elementor-element elementor-element-4651f4e elementor-widget elementor-widget-heading\" data-id=\"4651f4e\" data-element_type=\"widget\" data-widget_type=\"heading.default\">\n\t\t\t\t<div class=\"elementor-widget-container\">\n\t\t\t\t\t<h5 class=\"elementor-heading-title elementor-size-default\">SIAMO ALLA COSTANTE RICERCA DI PARTNER COMMERCIALI<\/h5>\t\t\t\t<\/div>\n\t\t\t\t<\/div>\n\t\t\t\t\t<\/div>\n\t\t\t\t<\/div>\n\t\t<div class=\"elementor-element elementor-element-20c5650 e-flex e-con-boxed wpr-particle-no wpr-jarallax-no wpr-parallax-no wpr-sticky-section-no e-con e-parent\" data-id=\"20c5650\" data-element_type=\"container\">\n\t\t\t\t\t<div class=\"e-con-inner\">\n\t\t\t\t<div class=\"elementor-element elementor-element-62950a9 elementor-widget elementor-widget-spacer\" data-id=\"62950a9\" data-element_type=\"widget\" data-widget_type=\"spacer.default\">\n\t\t\t\t<div class=\"elementor-widget-container\">\n\t\t\t\t\t\t\t<div class=\"elementor-spacer\">\n\t\t\t<div class=\"elementor-spacer-inner\"><\/div>\n\t\t<\/div>\n\t\t\t\t\t\t<\/div>\n\t\t\t\t<\/div>\n\t\t\t\t\t<\/div>\n\t\t\t\t<\/div>\n\t\t<div class=\"elementor-element elementor-element-cb0512f e-flex e-con-boxed wpr-particle-no wpr-jarallax-no wpr-parallax-no wpr-sticky-section-no e-con e-parent\" data-id=\"cb0512f\" data-element_type=\"container\">\n\t\t\t\t\t<div class=\"e-con-inner\">\n\t\t\t\t<div class=\"elementor-element elementor-element-4e190d1 elementor-widget elementor-widget-heading\" data-id=\"4e190d1\" data-element_type=\"widget\" data-widget_type=\"heading.default\">\n\t\t\t\t<div class=\"elementor-widget-container\">\n\t\t\t\t\t<h3 class=\"elementor-heading-title elementor-size-default\">SEI UN DISTRIBUTORE O UN GROSSISTA NEL SETTORE ALIMENTARE?<\/h3>\t\t\t\t<\/div>\n\t\t\t\t<\/div>\n\t\t\t\t\t<\/div>\n\t\t\t\t<\/div>\n\t\t<div class=\"elementor-element elementor-element-89bd941 e-flex e-con-boxed wpr-particle-no wpr-jarallax-no wpr-parallax-no wpr-sticky-section-no e-con e-parent\" data-id=\"89bd941\" data-element_type=\"container\">\n\t\t\t\t\t<div class=\"e-con-inner\">\n\t\t\t\t<div class=\"elementor-element elementor-element-81741e8 elementor-widget elementor-widget-spacer\" data-id=\"81741e8\" data-element_type=\"widget\" data-widget_type=\"spacer.default\">\n\t\t\t\t<div class=\"elementor-widget-container\">\n\t\t\t\t\t\t\t<div class=\"elementor-spacer\">\n\t\t\t<div class=\"elementor-spacer-inner\"><\/div>\n\t\t<\/div>\n\t\t\t\t\t\t<\/div>\n\t\t\t\t<\/div>\n\t\t\t\t\t<\/div>\n\t\t\t\t<\/div>\n\t\t<div class=\"elementor-element elementor-element-dbeecf3 e-flex e-con-boxed wpr-particle-no wpr-jarallax-no wpr-parallax-no wpr-sticky-section-no e-con e-parent\" data-id=\"dbeecf3\" data-element_type=\"container\">\n\t\t\t\t\t<div class=\"e-con-inner\">\n\t\t\t\t<div class=\"elementor-element elementor-element-f4c8aca elementor-widget elementor-widget-text-editor\" data-id=\"f4c8aca\" data-element_type=\"widget\" data-widget_type=\"text-editor.default\">\n\t\t\t\t<div class=\"elementor-widget-container\">\n\t\t\t\t\t\t\t\t\t<p>Il progetto de La Contadinetta \u00e8 in continua evoluzione. La qualit\u00e0 e l&#8217;affidabilit\u00e0 dei nostri prodotti \u2014 dai preparati alle spezie, fino al miele e a molte altre specialit\u00e0 \u2014 ci distinguono sul mercato. La passione che mettiamo in ogni creazione, la cura per il dettaglio e il nostro stile ci permettono di trasformare la tradizione e l\u2019innovazione in proposte alimentari dal gusto unico e naturale. Crediamo nelle collaborazioni solide e durature: vogliamo condividere con te la nostra esperienza, la nostra rete e la nostra visione per costruire insieme un percorso di crescita commerciale reciproca.<!--\/data\/user\/0\/com.samsung.android.app.notes\/files\/clipdata\/clipdata_bodytext_250711_164750_192.sdocx--><\/p>\t\t\t\t\t\t\t\t<\/div>\n\t\t\t\t<\/div>\n\t\t\t\t\t<\/div>\n\t\t\t\t<\/div>\n\t\t<div class=\"elementor-element elementor-element-10e3ec9 e-flex e-con-boxed wpr-particle-no wpr-jarallax-no wpr-parallax-no wpr-sticky-section-no e-con e-parent\" data-id=\"10e3ec9\" data-element_type=\"container\">\n\t\t\t\t\t<div class=\"e-con-inner\">\n\t\t\t\t<div class=\"elementor-element elementor-element-8091b7d elementor-widget elementor-widget-image\" data-id=\"8091b7d\" data-element_type=\"widget\" data-widget_type=\"image.default\">\n\t\t\t\t<div class=\"elementor-widget-container\">\n\t\t\t\t\t\t\t\t\t\t\t\t\t\t\t<img decoding=\"async\" width=\"768\" height=\"960\" src=\"https:\/\/www.lacontadinetta.it\/blog\/wp-content\/uploads\/2025\/07\/Verticali_20250711_172712_0000-768x960.png\" class=\"attachment-medium_large size-medium_large wp-image-2007\" alt=\"\" srcset=\"https:\/\/www.lacontadinetta.it\/blog\/wp-content\/uploads\/2025\/07\/Verticali_20250711_172712_0000-768x960.png 768w, https:\/\/www.lacontadinetta.it\/blog\/wp-content\/uploads\/2025\/07\/Verticali_20250711_172712_0000-240x300.png 240w, https:\/\/www.lacontadinetta.it\/blog\/wp-content\/uploads\/2025\/07\/Verticali_20250711_172712_0000-819x1024.png 819w, https:\/\/www.lacontadinetta.it\/blog\/wp-content\/uploads\/2025\/07\/Verticali_20250711_172712_0000.png 1080w\" sizes=\"(max-width: 768px) 100vw, 768px\" \/>\t\t\t\t\t\t\t\t\t\t\t\t\t\t\t<\/div>\n\t\t\t\t<\/div>\n\t\t\t\t<div class=\"elementor-element elementor-element-f2376bb elementor-align-left elementor-widget elementor-widget-button\" data-id=\"f2376bb\" data-element_type=\"widget\" data-widget_type=\"button.default\">\n\t\t\t\t<div class=\"elementor-widget-container\">\n\t\t\t\t\t\t\t\t\t<div class=\"elementor-button-wrapper\">\n\t\t\t\t\t<a class=\"elementor-button elementor-button-link elementor-size-sm\" href=\"mailto:info@lacontadinetta.it\">\n\t\t\t\t\t\t<span class=\"elementor-button-content-wrapper\">\n\t\t\t\t\t\t\t\t\t<span class=\"elementor-button-text\">CONTATTACI<\/span>\n\t\t\t\t\t<\/span>\n\t\t\t\t\t<\/a>\n\t\t\t\t<\/div>\n\t\t\t\t\t\t\t\t<\/div>\n\t\t\t\t<\/div>\n\t\t\t\t\t<\/div>\n\t\t\t\t<\/div>\n\t\t<div class=\"elementor-element elementor-element-c87d6db e-flex e-con-boxed wpr-particle-no wpr-jarallax-no wpr-parallax-no wpr-sticky-section-no e-con e-parent\" data-id=\"c87d6db\" data-element_type=\"container\">\n\t\t\t\t\t<div class=\"e-con-inner\">\n\t\t\t\t<div class=\"elementor-element elementor-element-3943f10 elementor-widget elementor-widget-spacer\" data-id=\"3943f10\" data-element_type=\"widget\" data-widget_type=\"spacer.default\">\n\t\t\t\t<div class=\"elementor-widget-container\">\n\t\t\t\t\t\t\t<div class=\"elementor-spacer\">\n\t\t\t<div class=\"elementor-spacer-inner\"><\/div>\n\t\t<\/div>\n\t\t\t\t\t\t<\/div>\n\t\t\t\t<\/div>\n\t\t\t\t\t<\/div>\n\t\t\t\t<\/div>\n\t\t<div class=\"elementor-element elementor-element-93f1c34 e-flex e-con-boxed wpr-particle-no wpr-jarallax-no wpr-parallax-no wpr-sticky-section-no e-con e-parent\" data-id=\"93f1c34\" data-element_type=\"container\">\n\t\t\t\t\t<div class=\"e-con-inner\">\n\t\t\t\t<div class=\"elementor-element elementor-element-bf7a413 elementor-widget elementor-widget-image\" data-id=\"bf7a413\" data-element_type=\"widget\" data-widget_type=\"image.default\">\n\t\t\t\t<div class=\"elementor-widget-container\">\n\t\t\t\t\t\t\t\t\t\t\t\t\t\t\t<img decoding=\"async\" width=\"768\" height=\"960\" src=\"https:\/\/www.lacontadinetta.it\/blog\/wp-content\/uploads\/2025\/07\/Verticali_20250711_172712_0001-768x960.png\" class=\"attachment-medium_large size-medium_large wp-image-2008\" alt=\"\" srcset=\"https:\/\/www.lacontadinetta.it\/blog\/wp-content\/uploads\/2025\/07\/Verticali_20250711_172712_0001-768x960.png 768w, https:\/\/www.lacontadinetta.it\/blog\/wp-content\/uploads\/2025\/07\/Verticali_20250711_172712_0001-240x300.png 240w, https:\/\/www.lacontadinetta.it\/blog\/wp-content\/uploads\/2025\/07\/Verticali_20250711_172712_0001-819x1024.png 819w, https:\/\/www.lacontadinetta.it\/blog\/wp-content\/uploads\/2025\/07\/Verticali_20250711_172712_0001.png 1080w\" sizes=\"(max-width: 768px) 100vw, 768px\" \/>\t\t\t\t\t\t\t\t\t\t\t\t\t\t\t<\/div>\n\t\t\t\t<\/div>\n\t\t\t\t\t<\/div>\n\t\t\t\t<\/div>\n\t\t\t\t<\/div>\n\t\t","protected":false},"excerpt":{"rendered":"<p>SIAMO ALLA COSTANTE RICERCA DI PARTNER COMMERCIALI SEI UN DISTRIBUTORE O UN GROSSISTA NEL SETTORE ALIMENTARE? Il progetto de La Contadinetta \u00e8 in continua evoluzione. La qualit\u00e0 e l&#8217;affidabilit\u00e0 dei nostri prodotti \u2014 dai preparati alle spezie, fino al miele e a molte altre specialit\u00e0 \u2014 ci distinguono sul mercato. La passione che mettiamo in ogni creazione, la cura per il dettaglio e il nostro stile ci permettono di trasformare la tradizione e l\u2019innovazione in proposte alimentari dal gusto unico e naturale. Crediamo nelle collaborazioni solide e durature: vogliamo condividere con te la nostra esperienza, la nostra rete e la nostra visione per costruire insieme un percorso di crescita commerciale reciproca. CONTATTACI<\/p>\n","protected":false},"author":1,"featured_media":0,"parent":0,"menu_order":0,"comment_status":"closed","ping_status":"closed","template":"","meta":{"site-sidebar-layout":"default","site-content-layout":"","ast-site-content-layout":"","site-content-style":"default","site-sidebar-style":"default","ast-global-header-display":"","ast-banner-title-visibility":"","ast-main-header-display":"","ast-hfb-above-header-display":"","ast-hfb-below-header-display":"","ast-hfb-mobile-header-display":"","site-post-title":"disabled","ast-breadcrumbs-content":"","ast-featured-img":"","footer-sml-layout":"","theme-transparent-header-meta":"","adv-header-id-meta":"","stick-header-meta":"","header-above-stick-meta":"","header-main-stick-meta":"","header-below-stick-meta":"","astra-migrate-meta-layouts":"default","ast-page-background-enabled":"default","ast-page-background-meta":{"desktop":{"background-color":"var(--ast-global-color-5)","background-image":"","background-repeat":"repeat","background-position":"center center","background-size":"auto","background-attachment":"scroll","background-type":"","background-media":"","overlay-type":"","overlay-color":"","overlay-opacity":"","overlay-gradient":""},"tablet":{"background-color":"","background-image":"","background-repeat":"repeat","background-position":"center center","background-size":"auto","background-attachment":"scroll","background-type":"","background-media":"","overlay-type":"","overlay-color":"","overlay-opacity":"","overlay-gradient":""},"mobile":{"background-color":"","background-image":"","background-repeat":"repeat","background-position":"center center","background-size":"auto","background-attachment":"scroll","background-type":"","background-media":"","overlay-type":"","overlay-color":"","overlay-opacity":"","overlay-gradient":""}},"ast-content-background-meta":{"desktop":{"background-color":"var(--ast-global-color-4)","background-image":"","background-repeat":"repeat","background-position":"center center","background-size":"auto","background-attachment":"scroll","background-type":"","background-media":"","overlay-type":"","overlay-color":"","overlay-opacity":"","overlay-gradient":""},"tablet":{"background-color":"var(--ast-global-color-4)","background-image":"","background-repeat":"repeat","background-position":"center center","background-size":"auto","background-attachment":"scroll","background-type":"","background-media":"","overlay-type":"","overlay-color":"","overlay-opacity":"","overlay-gradient":""},"mobile":{"background-color":"var(--ast-global-color-4)","background-image":"","background-repeat":"repeat","background-position":"center center","background-size":"auto","background-attachment":"scroll","background-type":"","background-media":"","overlay-type":"","overlay-color":"","overlay-opacity":"","overlay-gradient":""}},"pgc_sgb_lightbox_settings":"","footnotes":""},"class_list":["post-1527","page","type-page","status-publish","hentry"],"_links":{"self":[{"href":"https:\/\/www.lacontadinetta.it\/blog\/wp-json\/wp\/v2\/pages\/1527","targetHints":{"allow":["GET"]}}],"collection":[{"href":"https:\/\/www.lacontadinetta.it\/blog\/wp-json\/wp\/v2\/pages"}],"about":[{"href":"https:\/\/www.lacontadinetta.it\/blog\/wp-json\/wp\/v2\/types\/page"}],"author":[{"embeddable":true,"href":"https:\/\/www.lacontadinetta.it\/blog\/wp-json\/wp\/v2\/users\/1"}],"replies":[{"embeddable":true,"href":"https:\/\/www.lacontadinetta.it\/blog\/wp-json\/wp\/v2\/comments?post=1527"}],"version-history":[{"count":44,"href":"https:\/\/www.lacontadinetta.it\/blog\/wp-json\/wp\/v2\/pages\/1527\/revisions"}],"predecessor-version":[{"id":2443,"href":"https:\/\/www.lacontadinetta.it\/blog\/wp-json\/wp\/v2\/pages\/1527\/revisions\/2443"}],"wp:attachment":[{"href":"https:\/\/www.lacontadinetta.it\/blog\/wp-json\/wp\/v2\/media?parent=1527"}],"curies":[{"name":"wp","href":"https:\/\/api.w.org\/{rel}","templated":true}]}}